 9*c - c**3 + y*c**2 + 3*c**2 + 4 + 2*c. What is a(5)?
-6
Let p(o) = -5 - 2 + 2*o + 0*o. Let y be (-3)/(-2) - 18/(-12). Suppose -3*q + 5 = -2*n, 5*q + 8*n - y*n - 50 = 0. Give p(q).
3
Let u(m) be the second derivative of 0 - 1/12*m**4 - 5/6*m**3 - 4*m + m**2. Suppose -4 = -2*r - 0, -3*c + 2*r = 16. Calculate u(c).
6
Let j(m) be the second derivative of 3*m - 1/3*m**3 - m**2 - 1/10*m**5 + 0 + 1/3*m**4. Calculate j(2).
-6
Let i(w) = -w**2 + 7*w + 1. Let t(k) = -k**2 + k. Let v(h) = -i(h) + 2*t(h). Suppose 9*u + 25 = 4*u. Give v(u).
-1
Suppose 2*m - 12 = -4*d, 2*d - 4 = -3*m + 6. Let z(g) = -g**m - 1 - 3*g + 2 + g + 3*g. What is z(3)?
-5
Let i(d) be the second derivative of d**5/20 - d**4/4 - d**3/3 + d**2/2 + 3*d. Calculate i(2).
-7
Let g(r) = r**3 - 2*r**2 - 2*r - 1. Let n be g(3). Let b(h) = 4*h**2 + 0*h**2 - 2*h**n + 4*h**2. Let w be -1 + (-4)/(-1*2). Give b(w).
6
Let n = 4 + 1. Suppose 3*f - 24 = 4*s, -s + 2*s = n*f - 23. Let r(x) = -x. Calculate r(f).
-4
Let w(q) = q - 6. Suppose 0*l - 2*l - y = 11, -3*l - 5*y = 20. Determine w(l).
-11
Let v(k) = -k - 8. Suppose 10 = -4*h - h - 2*r, 0 = 5*h + r + 5. What is v(h)?
-8
Let v(i) = 2*i + 1. Let q be 6 + 4/((-4)/(-2)). Suppose -16 = -4*l + q. Let k be (l/(-9))/((-2)/6). What is v(k)?
5
Let y(u) be the first derivative of -2*u**2 + 20. Give y(-4).
16
Let q(b) = 6*b**2 - 2*b - 7. Let n(f) be the third derivative of -7*f**5/60 + f**4/8 + 7*f**3/6 + 3*f**2. Let z(r) = 5*n(r) + 6*q(r). Give z(-5).
3
Let t(j) = 9*j + 1. Suppose -x - 5*z + 11 = 0, 2*x + 0 - 6 = -2*z. Calculate t(x).
10
Let h be (-2)/(-7) + (-124)/(-7). Suppose -2*f + 4*a - h = 0, -4*a + 2*a = -5*f - 5. Let v(o) = -o - 2*o - f + 2*o. What is v(-4)?
3
Let u(n) = -n + 3. Let x be u(5). Let m(j) = -2*j. Give m(x).
4
Let q be 2/2*(-1 - 6). Let s(h) be the second derivative of h**4/12 + 3*h**3/2 + 5*h**2/2 + h. What is s(q)?
-9
Suppose c - 1 - 4 = 0. Suppose -c*d = 4 - 29. Let f(h) = 2*h**2 - 15*h + 1. Let u(n) = -3*n**2 + 22*n - 1. Let b(a) = 7*f(a) + 5*u(a). What is b(d)?
2
Let c(q) = -q**2 + 6*q - 6. Let a(t) = 2*t**2 + 4*t - 8 - 2*t**2 + t**2. Let v be a(-6). Let o(x) = x**3 - 4*x**2 + x. Let h be o(v). What is c(h)?
2
Let t be (2/(-4))/((-2)/4). Let d(m) = t + 5*m - m**2 - 5*m + 14*m**3 - 3*m**3. Determine d(-1).
-11
Let h(s) = -5*s**2 + 2*s**2 + 0*s**2 + 3 + 2*s**2 - 7*s. What is h(-7)?
3
Let u(h) = -h**2 - 2*h**2 + 3*h - 4*h + 4*h**2. Determine u(3).
6
Let j be (-18)/4*-1 + (-5)/(-10). Let z(t) = -2*t + 6*t - 3*t. Determine z(j).
5
Suppose -5*b + 4*g - 1 = 10, g - 4 = 0. Suppose -10 = -5*u + 2*y + 3*y, 4*y = 3*u - 7. Let j(t) = -u + b + 3*t. Determine j(3).
9
Let u(y) = -y + 18. Let i be u(19). Let s(q) = 4*q - 1. Give s(i).
-5
Let f(w) = -26*w - 24*w + 43*w. Let r be -3 - 2/((-2)/2). Calculate f(r).
7
Let m(a) = -3 - 2*a**2 + a**2 + 0*a**2. Suppose -2 - 3 = 5*l, -b - 4*l - 5 = 0. Let w(g) = -g**2 - g. Let j be w(b). Calculate m(j).
-3
Suppose -5*m + 20 = -0*l + l, -4*m = -5*l + 13. Let u(t) be the second derivative of -t + 7/2*t**2 + 0 - 1/3*t**3 + 1/20*t**5 - 5/12*t**4. What is u(l)?
-3
Let n(d) = -d**2 + 9*d - 7. Suppose 5*f + 5*m = f + 29, -4*f + 4*m = -20. Determine n(f).
11
Let j(p) be the first derivative of 5*p**3/3 - 3*p**2/2 + 7. Let s(k) = -14*k**2 + 8*k. Let x(o) = 11*j(o) + 4*s(o). Calculate x(-2).
-2
Let x(q) = -q + 9. Let j(w) = 5*w**3 + 2*w**2 - 5*w - 2. Let l(h) = 6*h**3 + 3*h**2 - 6*h - 3. Let d(s) = -5*j(s) + 4*l(s). Let y be d(2). Give x(y).
9
Let y(z) = -2*z**3 + 7*z**2 + 6*z - 5. Let c(i) = -i**3. Let r(m) = 3*c(m) - y(m). What is r(-5)?
-15
Let g = -1 - -3. Let r(l) = 8 + l**g - 5*l**2 - 9 + 3*l**2. Determine r(3).
-10
Let a(v) be the third derivative of -1/120*v**6 + 1/15*v**5 + 0 + 1/8*v**4 + 5/6*v**3 + 0*v - 6*v**2. What is a(5)?
-5
Let g(o) = -2 - 9 + 15 - 5 + o - 25*o**2. What is g(1)?
-25
Let j(c) = -3*c + 9. Let h(m) = 7*m - 19. Let d(t) = -4*h(t) - 9*j(t). Let x = -79 - -75. What is d(x)?
-1
Let u(j) = 12*j**3 + 3*j**2 - 1. Let n(p) = -25*p**3 - 7*p**2 - p + 3. Let k(i) = 2*n(i) + 5*u(i). Let d be k(1). Let a(b) = 5*b - 6*b - 3 + d. Determine a(5).
2
Let p(t) = -7*t. Let c(v) = -v**2 - v + 1. Let i(u) = c(u) - p(u). Determine i(6).
1
Let s(n) = -4*n - 6. Suppose 0 = 4*o - 6*o + 24. Suppose -3*u = 3*q + o, -q = 2*q. Give s(u).
10
Let u(d) = -1 - 5 - 4 - 2 + 2*d. Let q be u(8). Let v(t) = 2*t - q*t - 6 + 4*t. Calculate v(4).
2
Let p(t) = t**3 - 2*t**2 - t - 2. Let w(d) = 3*d**3 + d**2 - 1. Let i be w(1). Let l be p(i). Let q(f) = f**3 - 5*f**2 + 3*f + 4. What is q(l)?
0
Let o be (-39)/9*(4 - 7). Let w = o - 7. Let u(r) = r**3 - 6*r**2 + 2*r - 4. Calculate u(w).
8
Let q(m) = -5*m + m + m**2 - 3*m + 3. Let d(n) = n**2 - 3*n + 2. Let t be d(4). Determine q(t).
-3
Let q(x) = -x**2 + 2*x + 4. Suppose -2*i = 6*k - 2*k + 12, 20 = 5*i. Let p(r) = 3*r**2 - 3*r - 9. Let z(c) = k*q(c) - 2*p(c). Determine z(-2).
2
Let s(o) = o**2 + 3*o + 2. Let m be (-1)/((4/(-5))/4). Let v = -9 + m. Give s(v).
6
Let j(p) be the first derivative of 3*p + 1 + 4/3*p**3 + 1/2*p**4 + 2*p**2. Determine j(-2).
-5
Let j(b) = 2*b**3 + 7*b**2 + 6*b + 3. Let w(u) = -u**2 - u - 1. Let k(f) = -j(f) - 5*w(f). Calculate k(-2).
12
Let w(y) = 2*y**2 + 18*y + 3. Let n(a) = a**2 + 9*a + 2. Let d(v) = -5*n(v) + 2*w(v). Give d(-8).
4
Let x be 1/(-1) + (-1)/(-3 - -2). Let p(k) be the first derivative of k**4/4 - k**3/3 + k**2/2 - 3*k + 1. Calculate p(x).
-3
Let h(l) = -2*l - 3*l**2 - 7 - 6*l + 2*l**2. Let i = 17 - 15. Suppose -4*r - w = -6*w + 5, -2*r + i = -4*w. What is h(r)?
8
Suppose 0*g - r = 3*g - 10, 20 = 5*r. Let o = g + 1. Let d(u) = u + o*u**3 - u**3 + 5*u**2 - 3*u**3. Calculate d(5).
5
Let o(x) = 0*x**3 + 21*x - 22*x - 4 + x**3 + 5*x**2 + 0*x**3. Give o(-5).
1
Let z(q) = -2*q**3 - 3*q**2 - 4*q + 3. Let f(h) = 3*h**3 + 2*h**2 + 4*h - 3. Let j(o) = 3*f(o) + 4*z(o). Give j(7).
24
Let r = 8 - 6. Suppose 0 = 5*f + 2*a - 5, -3*a = -f + 2*f + 12. Suppose -l = -r + f. Let k(n) = 8*n**3 + 2*n**2 - 1. Give k(l).
-7
Let k = -34 + 34. Let m(j) = 2*j + 5 - 6 + k*j - 1. Let x be (-4)/(-10) + 36/10. Calculate m(x).
6
Suppose 5*n - 10 = 0, 2*c - 7*c + 30 = 5*n. Let w = c + -8. Let s(h) = -h - 2. Give s(w).
2
Let v be 6/(-10) - (-180)/50. Let o(b) = b**3 - 5*b**2 + 3*b + 3. What is o(v)?
-6
Suppose -5*a - 3*m - 2 = -m, 4*a + m = -4. Let h(d) be the third derivative of d**5/60 - d**4/24 + d**3/6 + 2*d**2. Determine h(a).
7
Let f(o) be the third derivative of -o**5/60 - 5*o**4/24 + 3*o**3/2 - 7*o**2. Calculate f(-7).
-5
Let g(b) be the second derivative of -1/20*b**5 + b - 5/12*b**4 - 1/2*b**2 - 5/6*b**3 + 0. Let y(s) = s**3 - 4*s**2 - 5*s - 4. Let j be y(5). Determine g(j).
3
Let h(d) = -3 - d + 0 - d + 5*d. Let z(y) = -y + 9. Let l be z(7). Give h(l).
3
Let x be (0 - (0 + 0))/1. Let g(d) = 1. Let f(a) = -a + 3. Let w(k) = -3*k + 8. Let r(t) = 17*f(t) - 6*w(t). Let i(l) = 3*g(l) - r(l). Give i(x).
0
Let m(h) = 0*h**2 + h**2 - 7 + 1. What is m(0)?
-6
Let n(i) = i**3 + 5*i**2 + 4*i - 2. Let b be n(-4). Let q(y) = -73*y + 2 + 144*y - 69*y. Determine q(b).
-2
Let g(x) be the first derivative of x**2/2 - 4*x + 66. Calculate g(9).
5
Suppose 4*u = 4*a, -a = -1 + 3. Let o(i) = 3*i**2 + 1. Let w(q) = 4*q**2 + 1. Let t(y) = -7*o(y) + 5*w(y). Determine t(u).
-6
Let j(r) = r + 9. Suppose 0*o - 2*o = 10. What is j(o)?
4
Let l be 1*(4 + -8) + 1. Suppose 0 = s - 2 - 1. Let a(b) = 0*b - 3 + 2 - s*b. Give a(l).
8
Let p(b) be the third derivative of -b**6/120 + b**5/15 + b**4/6 + 2*b**3/3 + 21*b**2. Let z = -1 - 2. Let i = 8 + z. What is p(i)?
-1
Let p = -5 + 0. Let c = p + 6. Let n(i) = -2*i + 3*i + 1 + 3*i. Calculate n(c).
5
Let v(h) = 9*h**2 - 5 + h**2 - 9*h - 9*h**2 - 2*h**2. Determine v(-7).
9
Suppose 5*a - 12 = a. Let j(p) = 2*p + 3*p**3 - 4*p**2 - 4*p**a + 2*p**3 + 3. Let y be (2 + 1 + 0)*1. Determine j(y).
0
Let l(z) = z**3 - 6*z**2 - 1. Let y = 31 + -25. Determine l(y).
-1
Suppose 6*x - x = 40. Let b(g) = -x + 11*g + 7 + g. Calculate b(1).
11
Let x(i) be the third derivative of i**5/60 - i**4/3 + 2*i**3/3 + 6*i**2. Determine x(4).
-12
Let g = -19 + 12. Let i(r) be the second derivative of -r**3/6 - 4*r**2 + 2*r. Determine i(g).
-1
Let d(f) = 3 + f**2 - 2*f + 7*f**2 - 3*f**2. Let q(r) = -11*r**2 + 4*r - 6. Let w(u) = 13*d(u) + 6*q(u). Let k be (-6)/(-3) + -1 - -2. Dete